{"id":2277,"date":"2019-03-10T20:04:20","date_gmt":"2019-03-10T19:04:20","guid":{"rendered":"https:\/\/sucre.plus\/?post_type=agro&#038;p=2277"},"modified":"2020-12-15T11:32:31","modified_gmt":"2020-12-15T10:32:31","slug":"sucre-glace-non-raffine-blond-avec-ou-sans-amidon","status":"publish","type":"agro","link":"https:\/\/sucre.plus\/es\/agro\/sucre-glace-non-raffine-blond-avec-ou-sans-amidon\/","title":{"rendered":"Sucre Glace non-raffin\u00e9 blond avec ou sans amidon"},"content":{"rendered":"<p>Le produit que nous vous proposons est obtenu par broyage du sucre cristallis\u00e9.Les cristaux sont r\u00e9duits en poudre impalpable (ouverture moyenne: 0,03 \u00e0 0,06 mm).<\/p>\n<p>Le sucre glace <em>amylac\u00e9<\/em> contient de l&#8217;amidon de ma\u00efs, un agent anti-mottant. En effet, la granulom\u00e9trie du sucre glace est tr\u00e8s petite, il est alors plus sujet au mottage.<\/p>\n<p>Le pouvoir sucrant du sucre glace est sensiblement le m\u00eame que celui du sucre&nbsp;cristal mais, \u00e0 volume \u00e9quivalent, le sucre glace p\u00e8se 1,5 fois moins que le sucre cristal.<\/p>\n<p>Le sucre glace est instantan\u00e9ment soluble dans un liquide.<\/p>\n<p>Il convient parfaitement pour la d\u00e9coration de p\u00e2tisseries (op\u00e9ration de gla\u00e7age). Il sert aussi pour saupoudrer les g\u00e2teaux, les tartes, ou encore pour sucrer les blancs en neige.<\/p>\n","protected":false},"featured_media":2278,"parent":0,"template":"","variete_agro":[57],"class_list":["post-2277","agro","type-agro","status-publish","has-post-thumbnail","hentry","variete_agro-sucres-speciaux-es"],"acf":[],"yoast_head":"<!-- This site is optimized with the Yoast SEO plugin v25.8 - https:\/\/yoast.com\/wordpress\/plugins\/seo\/ -->\n<title>Sucre Glace non-raffin\u00e9 blond avec ou sans amidon | Sucre+<\/title>\n<meta name=\"robots\" content=\"index, follow, max-snippet:-1, max-image-preview:large, max-video-preview:-1\" \/>\n<link rel=\"canonical\" href=\"https:\/\/sucre.plus\/es\/agro\/sucre-glace-non-raffine-blond-avec-ou-sans-amidon\/\" \/>\n<meta property=\"og:locale\" content=\"es_ES\" \/>\n<meta property=\"og:type\" content=\"article\" \/>\n<meta property=\"og:title\" content=\"Sucre Glace non-raffin\u00e9 blond avec ou sans amidon | Sucre+\" \/>\n<meta property=\"og:description\" content=\"Le produit que nous vous proposons est obtenu par broyage du sucre cristallis\u00e9.Les cristaux sont r\u00e9duits en poudre impalpable (ouverture...\" \/>\n<meta property=\"og:url\" content=\"https:\/\/sucre.plus\/es\/agro\/sucre-glace-non-raffine-blond-avec-ou-sans-amidon\/\" \/>\n<meta property=\"og:site_name\" content=\"Sucre+\" \/>\n<meta property=\"article:modified_time\" content=\"2020-12-15T10:32:31+00:00\" \/>\n<meta property=\"og:image\" content=\"https:\/\/sucre.plus\/wp-content\/uploads\/2019\/03\/glace-roux-1.jpg\" \/>\n\t<meta property=\"og:image:width\" content=\"450\" \/>\n\t<meta property=\"og:image:height\" content=\"435\" \/>\n\t<meta property=\"og:image:type\" content=\"image\/jpeg\" \/>\n<meta name=\"twitter:card\" content=\"summary_large_image\" \/>\n<meta name=\"twitter:label1\" content=\"Tiempo de lectura\" \/>\n\t<meta name=\"twitter:data1\" content=\"1 minuto\" \/>\n<script type=\"application\/ld+json\" class=\"yoast-schema-graph\">{\"@context\":\"https:\/\/schema.org\",\"@graph\":[{\"@type\":\"WebPage\",\"@id\":\"https:\/\/sucre.plus\/es\/agro\/sucre-glace-non-raffine-blond-avec-ou-sans-amidon\/\",\"url\":\"https:\/\/sucre.plus\/es\/agro\/sucre-glace-non-raffine-blond-avec-ou-sans-amidon\/\",\"name\":\"Sucre Glace non-raffin\u00e9 blond avec ou sans amidon | Sucre+\",\"isPartOf\":{\"@id\":\"https:\/\/sucre.plus\/es\/#website\"},\"primaryImageOfPage\":{\"@id\":\"https:\/\/sucre.plus\/es\/agro\/sucre-glace-non-raffine-blond-avec-ou-sans-amidon\/#primaryimage\"},\"image\":{\"@id\":\"https:\/\/sucre.plus\/es\/agro\/sucre-glace-non-raffine-blond-avec-ou-sans-amidon\/#primaryimage\"},\"thumbnailUrl\":\"https:\/\/sucre.plus\/wp-content\/uploads\/2019\/03\/glace-roux-1.jpg\",\"datePublished\":\"2019-03-10T19:04:20+00:00\",\"dateModified\":\"2020-12-15T10:32:31+00:00\",\"breadcrumb\":{\"@id\":\"https:\/\/sucre.plus\/es\/agro\/sucre-glace-non-raffine-blond-avec-ou-sans-amidon\/#breadcrumb\"},\"inLanguage\":\"es\",\"potentialAction\":[{\"@type\":\"ReadAction\",\"target\":[\"https:\/\/sucre.plus\/es\/agro\/sucre-glace-non-raffine-blond-avec-ou-sans-amidon\/\"]}]},{\"@type\":\"ImageObject\",\"inLanguage\":\"es\",\"@id\":\"https:\/\/sucre.plus\/es\/agro\/sucre-glace-non-raffine-blond-avec-ou-sans-amidon\/#primaryimage\",\"url\":\"https:\/\/sucre.plus\/wp-content\/uploads\/2019\/03\/glace-roux-1.jpg\",\"contentUrl\":\"https:\/\/sucre.plus\/wp-content\/uploads\/2019\/03\/glace-roux-1.jpg\",\"width\":450,\"height\":435},{\"@type\":\"BreadcrumbList\",\"@id\":\"https:\/\/sucre.plus\/es\/agro\/sucre-glace-non-raffine-blond-avec-ou-sans-amidon\/#breadcrumb\",\"itemListElement\":[{\"@type\":\"ListItem\",\"position\":1,\"name\":\"Accueil\",\"item\":\"https:\/\/sucre.plus\/es\/\"},{\"@type\":\"ListItem\",\"position\":2,\"name\":\"Sucre Glace non-raffin\u00e9 blond avec ou sans amidon\"}]},{\"@type\":\"WebSite\",\"@id\":\"https:\/\/sucre.plus\/es\/#website\",\"url\":\"https:\/\/sucre.plus\/es\/\",\"name\":\"Sucre+\",\"description\":\"La sucro-culture en plus\",\"potentialAction\":[{\"@type\":\"SearchAction\",\"target\":{\"@type\":\"EntryPoint\",\"urlTemplate\":\"https:\/\/sucre.plus\/es\/?s={search_term_string}\"},\"query-input\":{\"@type\":\"PropertyValueSpecification\",\"valueRequired\":true,\"valueName\":\"search_term_string\"}}],\"inLanguage\":\"es\"}]}<\/script>\n<!-- \/ Yoast SEO plugin. -->","yoast_head_json":{"title":"Sucre Glace non-raffin\u00e9 blond avec ou sans amidon | Sucre+","robots":{"index":"index","follow":"follow","max-snippet":"max-snippet:-1","max-image-preview":"max-image-preview:large","max-video-preview":"max-video-preview:-1"},"canonical":"https:\/\/sucre.plus\/es\/agro\/sucre-glace-non-raffine-blond-avec-ou-sans-amidon\/","og_locale":"es_ES","og_type":"article","og_title":"Sucre Glace non-raffin\u00e9 blond avec ou sans amidon | Sucre+","og_description":"Le produit que nous vous proposons est obtenu par broyage du sucre cristallis\u00e9.Les cristaux sont r\u00e9duits en poudre impalpable (ouverture...","og_url":"https:\/\/sucre.plus\/es\/agro\/sucre-glace-non-raffine-blond-avec-ou-sans-amidon\/","og_site_name":"Sucre+","article_modified_time":"2020-12-15T10:32:31+00:00","og_image":[{"width":450,"height":435,"url":"https:\/\/sucre.plus\/wp-content\/uploads\/2019\/03\/glace-roux-1.jpg","type":"image\/jpeg"}],"twitter_card":"summary_large_image","twitter_misc":{"Tiempo de lectura":"1 minuto"},"schema":{"@context":"https:\/\/schema.org","@graph":[{"@type":"WebPage","@id":"https:\/\/sucre.plus\/es\/agro\/sucre-glace-non-raffine-blond-avec-ou-sans-amidon\/","url":"https:\/\/sucre.plus\/es\/agro\/sucre-glace-non-raffine-blond-avec-ou-sans-amidon\/","name":"Sucre Glace non-raffin\u00e9 blond avec ou sans amidon | Sucre+","isPartOf":{"@id":"https:\/\/sucre.plus\/es\/#website"},"primaryImageOfPage":{"@id":"https:\/\/sucre.plus\/es\/agro\/sucre-glace-non-raffine-blond-avec-ou-sans-amidon\/#primaryimage"},"image":{"@id":"https:\/\/sucre.plus\/es\/agro\/sucre-glace-non-raffine-blond-avec-ou-sans-amidon\/#primaryimage"},"thumbnailUrl":"https:\/\/sucre.plus\/wp-content\/uploads\/2019\/03\/glace-roux-1.jpg","datePublished":"2019-03-10T19:04:20+00:00","dateModified":"2020-12-15T10:32:31+00:00","breadcrumb":{"@id":"https:\/\/sucre.plus\/es\/agro\/sucre-glace-non-raffine-blond-avec-ou-sans-amidon\/#breadcrumb"},"inLanguage":"es","potentialAction":[{"@type":"ReadAction","target":["https:\/\/sucre.plus\/es\/agro\/sucre-glace-non-raffine-blond-avec-ou-sans-amidon\/"]}]},{"@type":"ImageObject","inLanguage":"es","@id":"https:\/\/sucre.plus\/es\/agro\/sucre-glace-non-raffine-blond-avec-ou-sans-amidon\/#primaryimage","url":"https:\/\/sucre.plus\/wp-content\/uploads\/2019\/03\/glace-roux-1.jpg","contentUrl":"https:\/\/sucre.plus\/wp-content\/uploads\/2019\/03\/glace-roux-1.jpg","width":450,"height":435},{"@type":"BreadcrumbList","@id":"https:\/\/sucre.plus\/es\/agro\/sucre-glace-non-raffine-blond-avec-ou-sans-amidon\/#breadcrumb","itemListElement":[{"@type":"ListItem","position":1,"name":"Accueil","item":"https:\/\/sucre.plus\/es\/"},{"@type":"ListItem","position":2,"name":"Sucre Glace non-raffin\u00e9 blond avec ou sans amidon"}]},{"@type":"WebSite","@id":"https:\/\/sucre.plus\/es\/#website","url":"https:\/\/sucre.plus\/es\/","name":"Sucre+","description":"La sucro-culture en plus","potentialAction":[{"@type":"SearchAction","target":{"@type":"EntryPoint","urlTemplate":"https:\/\/sucre.plus\/es\/?s={search_term_string}"},"query-input":{"@type":"PropertyValueSpecification","valueRequired":true,"valueName":"search_term_string"}}],"inLanguage":"es"}]}},"publishpress_future_workflow_manual_trigger":{"enabledWorkflows":[]},"_links":{"self":[{"href":"https:\/\/sucre.plus\/es\/wp-json\/wp\/v2\/agro\/2277","targetHints":{"allow":["GET"]}}],"collection":[{"href":"https:\/\/sucre.plus\/es\/wp-json\/wp\/v2\/agro"}],"about":[{"href":"https:\/\/sucre.plus\/es\/wp-json\/wp\/v2\/types\/agro"}],"wp:featuredmedia":[{"embeddable":true,"href":"https:\/\/sucre.plus\/es\/wp-json\/wp\/v2\/media\/2278"}],"wp:attachment":[{"href":"https:\/\/sucre.plus\/es\/wp-json\/wp\/v2\/media?parent=2277"}],"wp:term":[{"taxonomy":"variete_agro","embeddable":true,"href":"https:\/\/sucre.plus\/es\/wp-json\/wp\/v2\/variete_agro?post=2277"}],"curies":[{"name":"wp","href":"https:\/\/api.w.org\/{rel}","templated":true}]}}

Sucre Glace non-raffiné blond avec ou sans amidon

<p>Le produit que nous vous proposons est obtenu par broyage du sucre cristallisé.Les cristaux sont réduits en poudre impalpable (ouverture moyenne: 0,03 à 0,06 mm).</p>
<p>Le sucre glace <em>amylacé</em> contient de l&#8217;amidon de maïs, un agent anti-mottant. En effet, la granulométrie du sucre glace est très petite, il est alors plus sujet au mottage.</p>
<p>Le pouvoir sucrant du sucre glace est sensiblement le même que celui du sucre&nbsp;cristal mais, à volume équivalent, le sucre glace pèse 1,5 fois moins que le sucre cristal.</p>
<p>Le sucre glace est instantanément soluble dans un liquide.</p>
<p>Il convient parfaitement pour la décoration de pâtisseries (opération de glaçage). Il sert aussi pour saupoudrer les gâteaux, les tartes, ou encore pour sucrer les blancs en neige.</p>

<!-- This site is optimized with the Yoast SEO plugin v25.8 - https://yoast.com/wordpress/plugins/seo/ -->
<title>Sucre Glace non-raffiné blond avec ou sans amidon | Sucre+</title>
<meta name="robots" content="index, follow, max-snippet:-1, max-image-preview:large, max-video-preview:-1" />
<link rel="canonical" href="https://sucre.plus/es/agro/sucre-glace-non-raffine-blond-avec-ou-sans-amidon/" />
<meta property="og:locale" content="es_ES" />
<meta property="og:type" content="article" />
<meta property="og:title" content="Sucre Glace non-raffiné blond avec ou sans amidon | Sucre+" />
<meta property="og:description" content="Le produit que nous vous proposons est obtenu par broyage du sucre cristallisé.Les cristaux sont réduits en poudre impalpable (ouverture..." />
<meta property="og:url" content="https://sucre.plus/es/agro/sucre-glace-non-raffine-blond-avec-ou-sans-amidon/" />
<meta property="og:site_name" content="Sucre+" />
<meta property="article:modified_time" content="2020-12-15T10:32:31+00:00" />
<meta property="og:image" content="https://sucre.plus/wp-content/uploads/2019/03/glace-roux-1.jpg" />
	<meta property="og:image:width" content="450" />
	<meta property="og:image:height" content="435" />
	<meta property="og:image:type" content="image/jpeg" />
<meta name="twitter:card" content="summary_large_image" />
<meta name="twitter:label1" content="Tiempo de lectura" />
	<meta name="twitter:data1" content="1 minuto" />
<script type="application/ld+json" class="yoast-schema-graph">{"@context":"https://schema.org","@graph":[{"@type":"WebPage","@id":"https://sucre.plus/es/agro/sucre-glace-non-raffine-blond-avec-ou-sans-amidon/","url":"https://sucre.plus/es/agro/sucre-glace-non-raffine-blond-avec-ou-sans-amidon/","name":"Sucre Glace non-raffiné blond avec ou sans amidon | Sucre+","isPartOf":{"@id":"https://sucre.plus/es/#website"},"primaryImageOfPage":{"@id":"https://sucre.plus/es/agro/sucre-glace-non-raffine-blond-avec-ou-sans-amidon/#primaryimage"},"image":{"@id":"https://sucre.plus/es/agro/sucre-glace-non-raffine-blond-avec-ou-sans-amidon/#primaryimage"},"thumbnailUrl":"https://sucre.plus/wp-content/uploads/2019/03/glace-roux-1.jpg","datePublished":"2019-03-10T19:04:20+00:00","dateModified":"2020-12-15T10:32:31+00:00","breadcrumb":{"@id":"https://sucre.plus/es/agro/sucre-glace-non-raffine-blond-avec-ou-sans-amidon/#breadcrumb"},"inLanguage":"es","potentialAction":[{"@type":"ReadAction","target":["https://sucre.plus/es/agro/sucre-glace-non-raffine-blond-avec-ou-sans-amidon/"]}]},{"@type":"ImageObject","inLanguage":"es","@id":"https://sucre.plus/es/agro/sucre-glace-non-raffine-blond-avec-ou-sans-amidon/#primaryimage","url":"https://sucre.plus/wp-content/uploads/2019/03/glace-roux-1.jpg","contentUrl":"https://sucre.plus/wp-content/uploads/2019/03/glace-roux-1.jpg","width":450,"height":435},{"@type":"BreadcrumbList","@id":"https://sucre.plus/es/agro/sucre-glace-non-raffine-blond-avec-ou-sans-amidon/#breadcrumb","itemListElement":[{"@type":"ListItem","position":1,"name":"Accueil","item":"https://sucre.plus/es/"},{"@type":"ListItem","position":2,"name":"Sucre Glace non-raffiné blond avec ou sans amidon"}]},{"@type":"WebSite","@id":"https://sucre.plus/es/#website","url":"https://sucre.plus/es/","name":"Sucre+","description":"La sucro-culture en plus","potentialAction":[{"@type":"SearchAction","target":{"@type":"EntryPoint","urlTemplate":"https://sucre.plus/es/?s={search_term_string}"},"query-input":{"@type":"PropertyValueSpecification","valueRequired":true,"valueName":"search_term_string"}}],"inLanguage":"es"}]}</script>
<!-- / Yoast SEO plugin. -->

Sucre Glace non-raffiné blond avec ou sans amidon | Sucre+

Le produit que nous vous proposons est obtenu par broyage du sucre cristallisé.Les cristaux sont réduits en poudre impalpable (ouverture...
